*s - 3. Let m(q) = a*y(q) + 2*t(q). Calculate m(1).
0
Let x(d) = 72*d**2. Let m = -47 + 46. What is x(m)?
72
Let y(z) be the second derivative of -z**4/12 - z**3/3 + z**2/2 - 35*z. Suppose -6 - 9 = -5*j - 2*t, -12 = -2*j - 2*t. Calculate y(j).
-2
Let g(x) be the third derivative of -x**5/60 - 5*x**3 - 332*x**2. What is g(0)?
-30
Suppose -h - 13 = 2*q - 5*q, -2*h - 11 = -3*q. Let i(t) = 7*t + 1 + h*t - 10*t. Calculate i(-3).
4
Let f(k) = -k**2 - 8*k - 6. Let y(b) = b**2 - 7*b + 2. Let z be y(7). Let q be (-8)/4 + z/1. Suppose 2*o + 2*o = -2*s - 16, q = 4*o + 4*s + 8. Calculate f(o).
6
Let w(c) be the third derivative of -c**5/60 + c**4/3 + 3*c**3/2 + c**2 + 299*c. Calculate w(7).
16
Let u = 121 + -114. Let s(q) be the first derivative of -8*q**3/3 + 5*q**2/2 + 3*q + 1. Let o(c) = -c**3 - c - 1. Let t(y) = o(y) - s(y). Calculate t(u).
3
Let k = -43 - -50. Let i(y) = 4*y**2 + 4*y**2 - 7*y**2 + k*y**2. Give i(-1).
8
Suppose -3*f + 0*f = -12. Let k(o) be the second derivative of -1/6*o**4 + 1/10*o**5 + 0 + 1/3*o**3 - 1/2*o**2 + f*o. Calculate k(1).
1
Suppose -4*p + 2*z = -3*z - 21, -2*p - 2*z = -6. Let d(k) be the second derivative of -k**5/20 + k**4/6 + 5*k**3/6 + 13*k. Determine d(p).
-12
Suppose 6*h - 5*v - 30 = h, -3*v - 6 = h. Let y(u) = -u**h - 9 + 24 - 13 + 3*u + 0*u**2 + 2*u**2. Determine y(3).
2
Let a = 25 - 101. Let w = -81 - a. Let u(o) = o - 2. What is u(w)?
-7
Let m(p) = -p. Let h(o) = o**3 + 8*o**2 - 10*o - 2. Let r be h(-9). Let c(v) = -10 + r*v - 9 + 6. Let g(d) = c(d) + 6*m(d). Determine g(7).
-6
Let k be (-18)/(-4) - 8/(-16). Let b(r) = 3*r - 4. Suppose 1 = -2*c - 5. Let f(m) = 1. Let z(s) = c*f(s) - b(s). What is z(k)?
-14
Suppose -11 = 7*k + 24. Let n = 9 + k. Let j(s) = 5*s**3 + 8*s**2 + 9*s + 9. Let c(i) = -3*i**3 - 4*i**2 - 5*i - 5. Let p(l) = 7*c(l) + 4*j(l). Give p(n).
5
Suppose 0 = -o, -f + 97 = 2*o - 77. Let q be f/30*15/3. Let p(r) = -13 + q - 16 - 2*r. Calculate p(-4).
8
Let r(w) = -w**3 + 4*w**2 - 2*w + 1. Let n be r(3). Let o(k) = -4 + 0 + 7 - n. Let v(f) = f - 5. Let t(z) = 6*o(z) - v(z). Give t(2).
-3
Let k(b) = -b**3 - 10*b**2 - 3*b - 25. Let u(n) = -5*n**3 - 48*n**2 - 16*n - 130. Let z(v) = 11*k(v) - 2*u(v). What is z(-14)?
-1
Let w be -9*(2 + (2 - 3)). Let t be (3/w)/((-2)/12). Let p(g) = -1 + 4 + g - 3*g - 2*g**2. Calculate p(t).
-9
Let z(k) = 573*k - 282*k - 280*k - 1. What is z(-1)?
-12
Let a(l) = l**3 - 12*l**2 - l + 5. Suppose -5*o + 5*t + 55 = 0, -5*o - t + 0*t = -61. Give a(o).
-7
Suppose -3*i + 6*i = -b + 7, 3 = 4*i - 5*b. Let t(f) = 0*f - 1 - 10*f**i + 9*f**2 - 4*f + 0. Let w(y) = 3*y**3 + y + 1. Let p be w(-1). Calculate t(p).
2
Let z(f) = f**3 + 5. Let m(i) = i**2 + 9*i + 10. Let q be m(-5). Let r be (4/q)/(15/(-225)). Suppose 0 = -r*u + 8*u. Determine z(u).
5
Let k(w) = w + 8. Let a(u) = u + 7. Let y(m) = -3*a(m) + 4*k(m). What is y(-16)?
-5
Let q(d) = 4*d**3 - 3*d**2 - 6*d + 1. Let n(a) = 3*a**3 - 3*a**2 - 5*a + 1. Let p(b) = -3*n(b) + 2*q(b). Calculate p(4).
-5
Suppose -6*i = -4*w - 4*i - 14, 5*i = -25. Let c(m) = -m**3 - 6*m**2 - 4*m + 3. Calculate c(w).
27
Let a(q) = -9*q**2 + 19*q - 1. Let k(x) = 5*x**2 - 10*x + 1. Let b(p) = 4*a(p) + 7*k(p). Let z be 528/72 + 2/(-6). Calculate b(z).
-4
Let x(c) = -2*c**2 + 6 + c - c + c**2 - 5*c. Suppose -s - 9 = -2*k, 5*s + 0*k - 2*k + 37 = 0. Calculate x(s).
-8
Suppose 3*k = 5*k + 4*j + 8, j = 4*k - 20. Let a(l) = l**2 + k - 148*l + 146*l + 0. Give a(4).
12
Let g(q) = -8*q + 10*q**3 + 10*q**2 - 9*q**3 + 5 - 3*q**2. Let l be g(-8). Let w(p) = p**2 - 8*p + 4. Determine w(l).
-11
Let n(l) = 73*l - 18. Let w(k) = -48*k + 11. Let j(s) = -5*n(s) - 8*w(s). Determine j(-2).
-36
Let h(z) = 3*z + 1. Let a = -22 - -24. Suppose u - 4 = -3*f + a*f, -2*f + 2 = 5*u. Suppose 5*y = -5*l + 5, 2*l - 1 = f*l + 3*y. Determine h(l).
-11
Suppose 5*i + 3*p = 4*i - 10, -4*i + 5*p = 23. Let h(f) = f + 2. Determine h(i).
-5
Let h(g) = -7*g**3 + 8*g**2 - 16*g + 12. Let y(d) = -d**3 - d + 1. Let f be (6*1)/(4*4/16). Let z(a) = f*y(a) - h(a). Give z(6).
-18
Let z(u) = 9*u**2 + 7*u - 2. Let s(k) = -7*k**2 - 6*k + 3. Let y(b) = 5*s(b) + 4*z(b). Give y(5).
22
Let t(c) be the third derivative of -1/60*c**5 + 0 + 0*c + 2/3*c**3 + 15*c**2 - 1/24*c**4. Calculate t(-3).
-2
Let p(y) = y**3 - 3*y**2 - y. Let v(t) = -t - 5. Let i be v(-8). Let s be (i/(-2))/((-5)/20). Suppose 0 = 6*w - 8*w + s. Calculate p(w).
-3
Let l(d) = 3*d**2 + 3*d + 1. Let r(s) = s**3 - 7*s**2 + 10*s - 5. Let b be r(5). Let x be 4/b + (-24)/20. What is l(x)?
7
Let q(h) = -h**2 - 8*h + 20. Let s = 256 - 266. What is q(s)?
0
Let d(z) = -7*z**2 + 3 + 8*z**2 - 92*z + 80*z. Determine d(13).
16
Let w(c) = c + 19. Let v be w(-10). Suppose 3 = 4*u + 5*d, -4*u + u = -3*d - v. Let j(r) = -2*r**2 + 2*r - 3. Give j(u).
-7
Let g be (78/18)/(2/6). Let u = g + -9. Let s(d) = -d + 8 + u - 11. What is s(6)?
-5
Let q(x) = -6*x**3 - x**2 + x - 1. Suppose -2*t = -23*t + 21. What is q(t)?
-7
Suppose -2*k + 4*o = o + 9, -25 = -5*o. Let n(j) = -5*j + 4. Let f(x) = -6*x + 5. Let q(w) = 6*f(w) - 7*n(w). Calculate q(k).
-1
Suppose -41 - 54 = 19*v. Let j(w) = -2*w**2 - 7*w - 12. Calculate j(v).
-27
Let y(b) be the second derivative of -b**6/120 + b**5/20 - b**4/24 + b**3/2 + 4*b**2 - 7*b. Let f(r) be the first derivative of y(r). Determine f(3).
0
Let l(t) = 49*t + 28*t + 4 - 79*t. Determine l(-5).
14
Let c(j) = -14*j + 3*j**2 + 4*j**3 + 32 - 5*j**3 - 19*j**2 - 10. What is c(-15)?
7
Let y(b) = -b - 1. Let s(u) = 4*u - 1. Let m(f) = -4*f. Let c(i) = 2*m(i) + 3*s(i). Let p(r) = c(r) + 2*y(r). Determine p(7).
9
Let g(w) be the third derivative of -w**4/8 - w**3/6 + 14*w**2 - 1. Give g(-5).
14
Let x(t) = -3*t. Let c be x(0). Let d(n) be the second derivative of 2*n + 1/12*n**4 + 2*n**2 + 1/20*n**5 - 1/2*n**3 + c. Give d(-3).
-5
Let c(g) = -g**2 - 5*g + 3. Suppose 0 = 2*j + h - 26, -j + 0 = -4*h + 5. Suppose -2*o - 5*z = 32, -45 = 3*o + 4*z - j. Determine c(o).
-3
Let q(b) be the second derivative of 5/6*b**3 - 13*b + 0 - 1/12*b**4 + 3/2*b**2. Calculate q(6).
-3
Let y = -7 + 16. Let s = 13 - y. Let b(v) = 3 + 2*v - 3*v - s. Determine b(0).
-1
Let m(r) = -6 + 2*r - 4*r**3 + 3*r**3 + 11*r**2 - 8*r**2 + 0*r**3. What is m(4)?
-14
Let m(b) be the second derivative of 1/6*b**3 + 0 - b**2 - 4*b. Give m(7).
5
Let a be 6*1/12*(0 - -6). Let c(t) = -t**2 + t + 5. Calculate c(a).
-1
Let i(l) = -2*l - 3. Suppose 35 = 20*x - 25. Calculate i(x).
-9
Let p = 20 - 15. Let o = -4 + p. Let x(d) = -d + d - d - o. Calculate x(2).
-3
Let m(g) = -9*g + 10. Let q(y) = -13*y + 15. Let o(h) = 7*m(h) - 5*q(h). Let j(l) = l**2 + 3*l - 4. Let k be j(2). Determine o(k).
7
Suppose 3*g + o - 2*o - 16 = 0, 4*g = -3*o + 17. Let z(w) = 1 + g*w - 3*w - 10*w**2 + 11*w**2 + 3. Determine z(-4).
12
Let l(p) be the first derivative of 3/2*p**2 + 5 + 1/24*p**4 - 11/6*p**3 + 0*p. Let k(v) be the second derivative of l(v). What is k(0)?
-11
Let q(d) be the third derivative of -1/2*d**3 + 0 + 46*d**2 - 1/60*d**5 - 2*d - 5/24*d**4. Give q(-4).
1
Let p(o) = -2*o - 3. Let k(j) = j**2 - 10*j + 22. Let b = 88 + -83. Let u be k(b). Give p(u).
3
Let y(f) = -2*f**2 + 1. Let n(t) = -13*t**2 + 6*t + 12. Let c(s) = -n(s) + 6*y(s). Calculate c(5).
-11
Suppose -3*g - 1 = -7. Let t(x) = -x + 0*x**2 - 1 - x**g - 3*x**3 + 4*x**3. Let z(v) = -3*v**2 + 4*v + 14. Let k be z(3). Determine t(k).
-2
Let v(d) = -d**2 + 7*d. Suppose 5*g = -4*n + 14 - 35, 4*n - 14 = 2*g. Let q(u) = 9*u**3 - u**2 - u + 1. Let h be q(n). Suppose -7*i = -34 - h. Give v(i).
6
Let x(d) = -d - 5. Suppose -8*a + 117 = 21. Suppose 2*l + 20 - 2 = -4*y, -2*l = -2*y - a. Determine x(y).
0
Let q(l) = -5*l - 4*l + 0 - 11. Let b(f) = -5*f - 6. Let h(v) = 5*b(v) - 3*q(v). Suppose 9*t - t = -40. Give h(t).
-7
Let t(m) = -3*m**2 - m - 1. Let l = 24 + -25. Let k be t(l). Let o(w) = -1 + 4*w - 2 - 7*w + w. Give o(k).
3
Let z(d) = -d**2 - d + 14. Suppose 0 = -14*i - 7*i. What is z(i)?
14
Let k be (-5)/((-60)/(-9))*(7 - 11). Let x(o) = o**3 - 4*o**2 + 3*o - 4. Calculate x(k).
-4
Suppose 0*q + 18 = 4*q + 2*v, -3*q + 26 = 4*v. Let l(h) = -h**3 - h**2 + 3*h - 1. Give l(q).
-7
Let d = -25 + 27. Suppose -d + 1 = -l, 5*m + 2*l - 2 = 0. Let a(w) = -w**2 - w + 6. Give a(m).
6
Let p(h) = h**3 + 3*h**2 - 4*h - 4. Let r = -1643 + 1641. What is p(r)?
8
Suppose -2*r + 7*r =